st the prime factors of l.
2, 7
Suppose -59*q = -2765311 + 435873. What are the prime factors of q?
2, 19, 1039
Suppose -428 = 5*c - 3*j, 9*c + 429 = 4*c + 4*j. Let z = c - -91. Suppose z*r + 132 = 12*r. List the prime factors of r.
2, 11
Let v(z) = 2*z**2 - 489*z - 2957. List the prime factors of v(-6).
7
Let p be ((-4)/(-8)*-2 - -1) + 56. Suppose -4069 = p*s - 69*s. List the prime factors of s.
313
Suppose 58226 = -39*r + 41*r - 2*k, 0 = -5*r - 2*k + 145551. What are the prime factors of r?
43, 677
Suppose -f - 1 = h, -9*f + 5*h - 7 = -11*f. Suppose -4*x - 8 = 0, 2*m - 3*x = m + 8. List the prime factors of 1*((-2)/f + 397/m).
199
Suppose 91*x - 1509088 = -21*x. What are the prime factors of x?
2, 6737
Let t(r) = 31*r**2 + 3*r + 6. Let m be ((-12)/4 - 3)*1/2. List the prime factors of t(m).
2, 3, 23
Let t = 67 - 90. Let y = 54 - 137. Let a = t - y. What are the prime factors of a?
2, 3, 5
What are the prime factors of ((-2)/8)/((-332)/48143984)?
7, 5179
Let d be (-4)/18 + -381*130/(-54). Let o = d - 357. What are the prime factors of o?
2, 5, 7
List the prime factors of ((-480)/192)/(5/(-44))*1928.
2, 11, 241
Suppose 28 = k - 4*s, -3*s = -7*k + 12*k - 71. What are the prime factors of (-2)/(k/(-11828)) + 6/4?
2, 5, 37
Let n(u) = 3*u - 140. Let w be n(44). List the prime factors of (13698/(-24))/((9/w)/3).
2, 761
Let b(a) = 7*a + 45. Let z be b(-7). What are the prime factors of 7648/26 - z/(-26)?
2, 3, 7
Let c = -9127 + 20322. List the prime factors of c.
5, 2239
List the prime factors of (-136136)/(-16) - ((-9)/2)/(-3).
47, 181
Suppose -42*f + 17276 = -35*f. Let w = -1336 + f. What are the prime factors of w?
2, 283
Let j(z) = -15*z + 3. Let a be j(-4). Suppose 5*r = -0 - 140. Let t = a + r. List the prime factors of t.
5, 7
Suppose -5*q + 2*a + 673 = 0, 0 = -5*q + 8*q + 2*a - 391. Suppose q + 72 = y. What are the prime factors of y?
5, 41
Suppose 0 = g - 34 + 30. Suppose 364 = 4*b - g*a, 4*a = -0*a - 20. List the prime factors of b.
2, 43
Let g(o) = -125*o + 3951. List the prime factors of g(-126).
3, 11, 199
Suppose 4*i - 12441 = m, -8*m = -3*i - 9*m + 9336. What are the prime factors of i?
3, 17, 61
Let a = -319 - -505. Let j = 38 + a. List the prime factors of j.
2, 7
Let q(b) = 13*b**3 + 2*b**2 - 13*b + 87. List the prime factors of q(6).
3, 107
Let a = 606 - 302. Let i = 395 - a. List the prime factors of i.
7, 13
Let w = -1164 + 1162. Let k = -21 + 34. What are the prime factors of (3 - k/w)*2?
19
Suppose -110*r - 655817 = -2625037. List the prime factors of r.
2, 8951
Suppose -3*s = -s + 5*s - 103131. List the prime factors of s.
3, 1637
Suppose -99*v = -7*v - 609408. What are the prime factors of v?
2, 3, 23
Suppose -5*h + 8246 = 4*k, -24*k - 2061 = -25*k - h. Suppose 0 = -3*p + 5*d + k, -2 = -13*d + 11*d. What are the prime factors of p?
2, 43
Suppose -43*y + 45*y = -28. Let k = y + 18. Suppose -106 = -k*h + 90. What are the prime factors of h?
7
Let t(p) = p**2 - 24*p + 22. Suppose -4*h = -4*b - 111 - 37, 0 = -5*b + 20. List the prime factors of t(h).
719
Let z(u) = 15*u - 27 - 16*u**2 + 39*u**2 + 3*u - 18*u**2. List the prime factors of z(6).
3, 29
Let z be -4 + 1 - 4*2/2. Let j = z - -12. Suppose 200 + 173 = 3*g + 5*f, 5 = -j*f. List the prime factors of g.
2, 3, 7
Let i = 454 + -481. Let q(f) = f**2 - 16*f + 72. What are the prime factors of q(i)?
3, 137
Let i be 0 + 0 - (-2 + -2). Suppose -g + 1 = 0, -3*g - 177 = -4*d - 0*d. List the prime factors of 25*(-1)/i*(-504)/d.
2, 5, 7
Suppose 156*r - 150*r - 51948 = 0. List the prime factors of r.
2, 3, 13, 37
Suppose 84*n = 72*n + 71136. Suppose 5*m + 4*r - n = m, -5*m - r = -7394. What are the prime factors of m?
2, 739
Suppose -3*u - 12 = -4*y + 2*u, -3 = -y + 3*u. Let c(v) = 14*v**3 - 6*v**2 + v - 6. List the prime factors of c(y).
3, 107
Let j(l) = 606*l**3 - 3*l**2 + 5*l - 10. List the prime factors of j(4).
2, 19373
Suppose -6*j + 4714 = 2*x, 19*x - 24*x - 791 = -j. List the prime factors of j.
2, 3, 131
Suppose 337*b - 334*b - 5*q - 173185 = 0, -2*b - q + 115474 = 0. List the prime factors of b.
3, 5, 1283
What are the prime factors of -5 - (-247)/13 - -13506?
2, 5, 13
Let i(s) = 20*s**2 + 6 + 2*s + 2 - 7 + 1. Let v be i(-2). Suppose -71*d = -73*d + v. What are the prime factors of d?
3, 13
Let v(y) = 2632*y**2 + 15*y + 15. List the prime factors of v(-1).
2, 7, 47
Let m(d) = 19*d - 118. Let q be m(6). Let o(k) = -357*k + 150. What are the prime factors of o(q)?
2, 3, 263
Let l(d) = 11941*d - 3205. List the prime factors of l(6).
89, 769
List the prime factors of -6*(-6476)/(-8)*(-63)/27.
7, 1619
Let l = 45 + -82. Let j(c) = c**3 + 36*c**2 - 38*c + 54. List the prime factors of j(l).
7, 13
Suppose 0 = -3*p - 5*x + 22 - 7, -4*x = 3*p - 12. Suppose p = 3*b, -k + 2*k + 3*b - 2 = 0. Suppose -83 - 105 = -k*f. List the prime factors of f.
2, 47
Let z = 7 + -5. Suppose 5*f - 15 = 4*d, 5 - 8 = -2*d - f. Suppose -4*m + 0*a = -4*a - 356, z*a + 8 = d. List the prime factors of m.
5, 17
Let p = 11032 + -8770. List the prime factors of p.
2, 3, 13, 29
Let r = 140 + -257. Let a = 344 + r. What are the prime factors of a?
227
What are the prime factors of (-18)/(-4)*(-6990)/(-45)?
3, 233
Let r(x) = -x**3 + 21*x**2 - 21*x - 38. Let s be r(19). Suppose -63*z = -58*z - s. What are the prime factors of z?
3, 19
Suppose -52*m = -6*m - 1393294. List the prime factors of m.
7, 4327
Let r be (8 + -4)*2840/32. Let h = r + 467. What are the prime factors of h?
2, 3, 137
Let x = -79 - -87. Suppose -370 = -x*f + 4422. What are the prime factors of f?
599
Let q = 40 - 49. Let s(u) = u**2 - 9*u + 2. Let k be s(q). Suppose -56 = -2*l + k. List the prime factors of l.
2, 5, 11
Suppose -2*q + 1803*f - 1806*f = -12861, 5*q - 32159 = -f. What are the prime factors of q?
2, 3, 67
Let x(v) = -v + 14. Let i = 56 + -44. Let l be x(i). Suppose f - 6*f = 3*t - 294, l*t = -5*f + 296. List the prime factors of f.
2, 3, 5
Let x(h) = 57*h**2 + 8*h - 9. Let i(o) = -4*o + 82*o**2 + 0*o - 111*o**2 + 4. Let s(a) = -7*i(a) - 3*x(a). List the prime factors of s(2).
3, 5
Suppose -g + 964 = 3*g + 4*l, -2*g = l - 477. Suppose -p = -2*k - g, -474 = -2*p - 0*p + 3*k. List the prime factors of p.
2, 3, 5
Let a be -2 - (-2 - 0 - (19 + -17)). List the prime factors of (-30)/8*(-61 - -7)*a.
3, 5
What are the prime factors of 746/(-6)*1968/(-82)?
2, 373
Suppose 2*q - 21 - 39 = 0. Let f = 294 - q. Suppose f = 8*w - 5*w. List the prime factors of w.
2, 11
Let p be ((-17)/(-2))/((-1)/6). Let h = 58 + p. Suppose 2*v + h = 139. What are the prime factors of v?
2, 3, 11
List the prime factors of (9 - 40)*(1 - 1*123).
2, 31, 61
Let b(z) = -12*z**3 - 5*z**2 + 251*z + 167. What are the prime factors of b(-15)?
7, 19, 269
Let c(q) = 5*q**3 - 5*q**2 + 13*q - 9. Let z = -522 - -528. List the prime factors of c(z).
3, 17, 19
Suppose 4*r - 4 = 0, 5*r = 3*h + 3*r - 63310. Let g = -32720 + h. What are the prime factors of g/(-55) + 2/(-10)?
211
Let v = -38 + 90. Suppose -6*k - 44 = v. Let b = k + 18. What are the prime factors of b?
2
Suppose 55*l = 44168 + 191947. Let c = l + -2516. What are the prime factors of c?
1777
Let u(g) = -18*g - 60. Let n be u(2). Let b = -18 - n. What are the prime factors of b?
2, 3, 13
Let q(w) = w**2 + 1. Let d(t) = -86*t**2 + 4*t - 1. Let r(h) = d(h) + q(h). Let v be r(-2). List the prime factors of v/15*(-10)/4.
2, 29
Let h(i) be the third derivative of -i**6/120 + 3*i**5/20 + i**4/12 - 2*i**3 + 4*i**2. Let l be 228/30 + 6/(-10). What are the prime factors of h(l)?
2, 5
Let t(u) = u**3 + 27*u**2 - 3*u - 91. Let k be t(-27). List the prime factors of (-1050)/6*52/k.
2, 5, 7, 13
Let u(o) = -5*o - 41. Let l be u(-13). Suppose d - 4*k - 135 = 0, -2*d + 5*k = -l - 234. List the prime factors of d.
7, 17
Suppose 2*k - 3*b = -366, -k - 724 = 3*k - 2*b. What are the prime factors of ((-85)/(-6))/((-30)/k)?
5, 17
What are the prime factors of (-17554)/(-7) - (60/21)/(-10)?
2, 3, 11, 19
Let w be 5/2*(-492)/(-10). Let b = 222 - w. What are the prime factors of b?
3, 11
Let n = -4175 - -7176. List the prime factors of n.
3001
Let s = 17324 - 10364. What are the prime factors of s?
2, 3, 5, 29
Suppose 5*c + 20 = 4*h, -5*c + 9 = 5*h - 16. Suppose g - 8*g - 14 = c. What are the prime factors of (2/(-3))/(g/(-83))*-3?
83
Let m